vided by 38?
36
What is the remainder when 45 is divided by 6?
3
What is the remainder when 486 is divided by 59?
14
Calculate the remainder when 77 is divided by 33.
11
What is the remainder when 537 is divided by 70?
47
What is the remainder when 16 is divided by 14?
2
Calculate the remainder when 248 is divided by 64.
56
What is the remainder when 310 is divided by 121?
68
Calculate the remainder when 59 is divided by 5.
4
Calculate the remainder when 834 is divided by 168.
162
Calculate the remainder when 612 is divided by 135.
72
Calculate the remainder when 85 is divided by 64.
21
What is the remainder when 102 is divided by 14?
4
Calculate the remainder when 195 is divided by 22.
19
Calculate the remainder when 47 is divided by 46.
1
What is the remainder when 719 is divided by 18?
17
What is the remainder when 335 is divided by 21?
20
What is the remainder when 457 is divided by 52?
41
Calculate the remainder when 144 is divided by 31.
20
Calculate the remainder when 495 is divided by 85.
70
What is the remainder when 194 is divided by 32?
2
Calculate the remainder when 679 is divided by 85.
84
What is the remainder when 107 is divided by 50?
7
Calculate the remainder when 1071 is divided by 47.
37
Calculate the remainder when 161 is divided by 84.
77
What is the remainder when 3518 is divided by 147?
137
What is the remainder when 582 is divided by 100?
82
What is the remainder when 375 is divided by 47?
46
What is the remainder when 2392 is divided by 788?
28
Calculate the remainder when 216 is divided by 20.
16
What is the remainder when 6 is divided by 2?
0
What is the remainder when 2054 is divided by 42?
38
Calculate the remainder when 51 is divided by 51.
0
Calculate the remainder when 497 is divided by 29.
4
What is the remainder when 210 is divided by 24?
18
Calculate the remainder when 1706 is divided by 16.
10
Calculate the remainder when 12217 is divided by 260.
257
What is the remainder when 245 is divided by 62?
59
What is the remainder when 7964 is divided by 25?
14
What is the remainder when 491 is divided by 198?
95
What is the remainder when 64 is divided by 63?
1
What is the remainder when 438 is divided by 11?
9
Calculate the remainder when 20 is divided by 7.
6
Calculate the remainder when 381 is divided by 8.
5
Calculate the remainder when 502 is divided by 86.
72
Calculate the remainder when 143 is divided by 98.
45
Calculate the remainder when 352 is divided by 7.
2
Calculate the remainder when 2589 is divided by 11.
4
Calculate the remainder when 4559 is divided by 9.
5
What is the remainder when 217 is divided by 17?
13
Calculate the remainder when 835 is divided by 25.
10
What is the remainder when 146 is divided by 22?
14
Calculate the remainder when 188 is divided by 24.
20
Calculate the remainder when 313 is divided by 5.
3
What is the remainder when 233 is divided by 117?
116
What is the remainder when 5960 is divided by 1977?
29
What is the remainder when 1293 is divided by 630?
33
Calculate the remainder when 1080 is divided by 24.
0
What is the remainder when 55 is divided by 14?
13
Calculate the remainder when 14 is divided by 8.
6
Calculate the remainder when 83 is divided by 10.
3
Calculate the remainder when 5203 is divided by 31.
26
What is the remainder when 131 is divided by 31?
7
Calculate the remainder when 1076 is divided by 77.
75
Calculate the remainder when 3829 is divided by 274.
267
What is the remainder when 923 is divided by 54?
5
Calculate the remainder when 10299 is divided by 101.
98
Calculate the remainder when 692 is divided by 33.
32
Calculate the remainder when 196 is divided by 99.
97
What is the remainder when 1945 is divided by 17?
7
Calculate the remainder when 242 is divided by 86.
70
Calculate the remainder when 6033 is divided by 6024.
9
What is the remainder when 670 is divided by 11?
10
Calculate the remainder when 57 is divided by 50.
7
What is the remainder when 1392 is divided by 230?
12
Calculate the remainder when 49 is divided by 14.
7
What is the remainder when 9051 is divided by 9?
6
What is the remainder when 1225 is divided by 206?
195
Calculate the remainder when 386 is divided by 51.
29
Calculate the remainder when 37 is divided by 14.
9
What is the remainder when 837 is divided by 17?
4
What is the remainder when 4720 is divided by 25?
20
Calculate the remainder when 18 is divided by 12.
6
Calculate the remainder when 10344 is divided by 26.
22
What is the remainder when 145 is divided by 9?
1
Calculate the remainder when 67 is divided by 18.
13
What is the remainder when 192 is divided by 44?
16
Calculate the remainder when 1607 is divided by 399.
11
Calculate the remainder when 595 is divided by 307.
288
What is the remainder when 11123 is divided by 15?
8
Calculate the remainder when 382 is divided by 382.
0
What is the remainder when 2384 is divided by 53?
52
Calculate the remainder when 1903 is divided by 77.
55
What is the remainder when 216 is divided by 199?
17
What is the remainder when 87 is divided by 43?
1
Calculate the remainder when 158 is divided by 39.
2
What is the remainder when 591 is divided by 37?
36
What is the remainder when 178 is divided by 46?
40
Calculate the remainder when 960 is divided by 97.
87
Calculate the remainder when 444 is divided by 15.
9
What is the remainder when 1109 is divided by 140?
129
Calculate the remainder when 2284 is divided by 16.
12
Calculate the remainder when 3390 is divided by 482.
16
Calculate the remainder when 8497 is divided by 10.
7
Calculate the remainder when 58364 is divided by 154.
152
What is the remainder when 760 is divided by 128?
120
What is the remainder when 53 is divided by 42?
11
What is the remainder when 1438 is divided by 19?
13
What is the remainder when 608 is divided by 192?
32
Calculate the remainder when 4044 is divided by 150.
144
What is the remainder when 227 is divided by 20?
7
What is the remainder when 66 is divided by 6?
0
What is the remainder when 332 is divided by 97?
41
Calculate the remainder when 3824 is divided by 87.
83
Calculate the remainder when 71 is divided by 25.
21
What is the remainder when 109 is divided by 5?
4
What is the remainder when 4725 is divided by 29?
27
Calculate the remainder when 1756 is divided by 341.
51
What is the remainder when 1229 is divided by 21?
11
Calculate the remainder when 250 is divided by 34.
12
Calculate the remainder when 248 is divided by 17.
10
What is the remainder when 160 is divided by 35?
20
Calculate the remainder when 187 is divided by 26.
5
Calculate the remainder when 157 is divided by 41.
34
Calculate the remainder when 4893 is divided by 36.
33
Calculate the remainder when 1351 is divided by 272.
263
Calculate the remainder when 3343 is divided by 667.
8
Calculate the remainder when 1113 is divided by 13.
8
Calculate the remainder when 751 is divided by 360.
31
What is the remainder when 628 is divided by 63?
61
Calculate the remainder when 1218 is divided by 37.
34
What is the remainder when 36 is divided by 3?
0
Calculate the remainder when 554 is divided by 111.
110
What is the remainder when 154 is divided by 45?
19
Calculate the remainder when 61 is divided by 19.
4
What is the remainder when 249 is divided by 38?
21
Calculate the remainder when 28298 is divided by 5.
3
What is the remainder when 156 is divided by 16?
12
What is the remainder when 1905 is divided by 98?
43
Calculate the remainder when 805 is divided by 31.
30
Calculate the remainder when 2779 is divided by 252.
7
What is the remainder when 478 is divided by 44?
38
What is the remainder when 174 is divided by 50?
24
Calculate the remainder when 505 is divided by 39.
37
Calculate the remainder when 598 is divided by 86.
82
Calculate the remainder when 269 is divided by 69.
62
Calculate the remainder when 1635 is divided by 14.
11
What is the remainder when 603 is divided by 5?
3
What is the remainder when 1594 is divided by 84?
82
Calculate the remainder when 417 is divided by 85.
77
Calculate the remainder when 7682 is divided by 15.
2
What is the remainder when 934 is divided by 186?
4
Calculate the remainder when 110 is divided by 41.
28
Calculate the remainder when 417 is divided by 18.
3
What is the remainder when 369 is divided by